common divisor of a and 70?
10
Suppose 0*s + 12 = -3*s. Let t = 569 - 558. Let x = t + s. What is the greatest common divisor of 35 and x?
7
Let f be ((-10425)/(-278))/(-6*(-1)/176). What is the highest common divisor of 330 and f?
110
Suppose 341*v - 281*v - 240 = 0. What is the highest common divisor of v and 503?
1
Suppose 3*p - 57304 = -82*p - 19*p. Calculate the highest common factor of 116 and p.
29
Let l(y) = 5*y - 8. Let x be l(2). Let u(d) = 50*d**2 + d + 3. Let m be u(x). Suppose 5*s - 610 = -m. What is the highest common divisor of 9 and s?
9
Let v = -1921 + 2152. Calculate the highest common factor of 264 and v.
33
Let o(q) = -q**2 - 47*q + 156. Let n be o(-27). What is the highest common factor of n and 160?
8
Suppose 128391 + 13590 = 113*p - 77578. What is the greatest common factor of 87 and p?
29
Suppose -2*p - 2*l = -610, p + 2534*l = 2532*l + 310. What is the greatest common factor of 725 and p?
25
Let r = -859 - -811. Suppose -3*m = -203 - 85. Let z = m + r. What is the highest common divisor of 80 and z?
16
Suppose -25 = 5*p - 2*u - 28, -5*p + 5*u = 0. Let f be 39*p + 0/(-58). Calculate the highest common factor of 39 and f.
39
Suppose 4*x = -5*a + 5236, -a - 17*x = -20*x - 1032. Calculate the highest common factor of 36 and a.
36
Let a be (30/(-12))/((-2)/16). Let w be a/20*(47 + 1). Calculate the highest common factor of 6 and w.
6
Let a be (-1368)/(-95)*(-435)/(-4). What is the greatest common factor of 464 and a?
58
Let w be -120*((0 + -2 - -4) + 344/(-86)). What is the highest common divisor of 432 and w?
48
Suppose 4*p - 48 - 60 = 0. Let h = 30127 - 30091. What is the highest common factor of h and p?
9
Let z(n) = n**3 - 3*n**2 + 2*n - 4. Let q be z(4). Let j = 14 - q. Let v be 0 - (-2)/(-4)*j. Calculate the highest common factor of 24 and v.
3
Suppose -49*b = -61*b + 8400. Let y = 736 - b. Calculate the greatest common divisor of y and 48.
12
Suppose -2*j = -2*f - 12, 34*j + 2*f = 31*j + 8. What is the highest common divisor of j and 2404?
4
Let y(b) = b**2 + 19*b - 365. Let j be y(-36). What is the highest common divisor of j and 130?
13
Let b be -36*(1 - (26/6 - 4)). Let f be b*(13/52 - 15/6). What is the greatest common factor of f and 234?
18
Let a = 535 + -379. Suppose 0 = 14*r - 5*r - 432. Let o be 8/3*468/r. Calculate the greatest common divisor of o and a.
26
Suppose -155*d = -156*d. Let w be d + (-120)/(-6)*10/4. Let z be 3*20/6*1. Calculate the highest common factor of z and w.
10
Let r be (15/(-6))/(3/(-6)) + 2. Let x be r/14 - 348/(-8). Let b be (-4)/16 + (-90)/(-8). Calculate the highest common divisor of b and x.
11
Let b(s) = -204*s + 11. Let m be b(-1). Let c be m/2 - (-10)/(-4). What is the highest common factor of c and 42?
21
Suppose 4*d - 49 + 1 = 0. Let r(h) = 6456*h + 83944. Let i be r(-13). What is the highest common divisor of d and i?
4
Let c = -10893 + 10999. Calculate the highest common divisor of c and 8374.
106
Let g be (-14)/(-6) + 2/3. Let y = g - -12. Let r = -1588 - -1648. Calculate the greatest common divisor of y and r.
15
Let d(h) = 10*h**2 + 146*h + 700. Let c be d(-5). What is the highest common factor of 1430 and c?
110
Let f be 451/6 + 20/(-120). What is the greatest common divisor of 780 and f?
15
Let l(a) = -32*a - 1036. Let r be l(-38). Let v = -6 + 18. Calculate the highest common factor of v and r.
12
Suppose 27*k - 165 = 6*k + 402. Calculate the highest common factor of k and 1917.
27
Let z(u) = 11*u + 55. Let k be z(11). Suppose 5*y = 10*y - 665. Suppose 4*s + 87 - 267 = -4*m, -3*s + y = m. Calculate the greatest common divisor of s and k.
44
Let x(r) = 92*r**2 - 3121*r - 29. Let j be x(34). What is the highest common factor of 2706 and j?
11
Suppose d - 4 = -d, 4*d - 888 = -4*u. Let s be (7 + -4)/(663/u + -3). Calculate the greatest common divisor of 44 and s.
44
Suppose -3*b - 10 = 8. Let v(d) = -2*d**3 - 8*d**2 - 5*d - 5. Let c be v(b). Let l = -88 + c. Calculate the greatest common divisor of 9 and l.
9
Suppose -5*x + 161 = 4*c, 5*x + c = -c + 153. Let z(g) = 13*g**2 + g - 4. Let p be z(3). Calculate the highest common divisor of p and x.
29
Let z(s) = -127*s**3 - 10*s**2 - 8*s - 3. Let t be z(-3). Suppose 0 = -32*y + 8*y + t. What is the greatest common factor of 28 and y?
28
Let k(s) = s**2 + 17*s. Let d(w) = -3*w**3 - w**2 + 2*w. Let i be d(3). Let q = 91 + i. Let b be k(q). What is the greatest common factor of 21 and b?
21
Let b be (-3 + 360/(-50))/((-27)/45). Calculate the highest common divisor of 9469 and b.
17
Let x be 25/(-500)*-60 - (-10)/4*10. What is the greatest common divisor of 5908 and x?
28
Let x be (-3)/(-9) + -4 + 356/3. Suppose -3*d + 196 = d. Suppose k + 3 = d. Calculate the greatest common divisor of x and k.
23
Suppose -3*b + 93 = 4*y, 3*y + 118 = 8*y + 4*b. Suppose 0 = 2*h - 53 - 271. Calculate the highest common factor of y and h.
18
Let b = -28 - -34. Let c = b - -50. Let f be (-32)/(-48) + 250/3. What is the greatest common divisor of c and f?
28
Let y(u) = -2*u + 31*u + 12 + u**3 - 26*u**2 - 2*u**3 - 5*u**2 + 2*u**2. Let w be y(-30). Calculate the greatest common divisor of 24 and w.
6
Let r(g) = -g + 6. Let k be r(9). Let o be (k/(-6) + -1)*-14. Suppose 101 = -o*y + 395. Calculate the highest common factor of 63 and y.
21
Let q be 118/944 - (6783/(-8) + 1). Calculate the highest common factor of 484 and q.
121
Let z be -2*2 - (89 - -4). Let o = -55 - z. Let k be (-1 - 280/(-15)) + (-1)/(-3). What is the greatest common divisor of o and k?
6
Let m = 19169 + -19067. Let l = 491 + -185. Calculate the highest common divisor of l and m.
102
Let i be 3003/44 + ((-25)/20)/5. What is the greatest common divisor of 3468 and i?
68
Let b(t) = t**3 - 4*t**2 + 9*t - 20. Let a be b(5). Suppose -5*y = 5*g - a, -2*g + 28 = -73*y + 76*y. Calculate the highest common factor of 76 and y.
4
Suppose 5*a + 12 - 2 = 0, -f = -4*a - 55. Suppose -f*j = -40*j - 126. Calculate the greatest common divisor of j and 162.
18
Suppose -q = -t + 551, -t - 51 + 634 = 3*q. Calculate the greatest common factor of t and 52.
13
Let r be 10/45 + (3 - (-14)/18). Suppose -i - 2*l = -134, 3*i - r*l - 338 - 94 = 0. What is the highest common divisor of i and 35?
35
Suppose 213*o - 5226 = 207*o. Let l be o/104 + (-6)/16. Calculate the greatest common divisor of 1 and l.
1
Suppose -308*q + 313*q = -30, -5*q - 325 = -5*z. Suppose 0*a + 3*a - 5*n = 718, 4*n = -2*a + 464. What is the highest common divisor of z and a?
59
Let m be 3 + (-15 - -5) - (-312 - 3). Calculate the greatest common factor of m and 112.
28
Suppose 5*m + 175 = 4*d, 5*m + 0*m + 225 = 5*d. Let x be 3 + (d - -7) + -1. Calculate the highest common divisor of 59 and x.
59
Let h be 4 - (27 + -3 + 4). Let g = h - -26. Let n be (12*g - 4) + -4. Calculate the highest common factor of 2 and n.
2
Let p = 11643 + -11018. Calculate the highest common factor of 150 and p.
25
Let g = 439 + -230. Let q = g - 106. Suppose -4*a + 68 = 2*o, 0*o + q = 5*a - 2*o. What is the highest common divisor of a and 19?
19
Let n(d) = d**3 - 49*d**2 + 142*d + 5. Let y be n(46). What is the highest common divisor of 11529 and y?
189
Suppose -7*b = -b - 42. Let c(v) = -8*v**3 + 2*v + 7*v**2 - b + 4*v**3 + 5*v**3 - 13. Let a be c(-6). What is the highest common factor of 24 and a?
4
Suppose -172*n = -6068 - 24204. What is the greatest common divisor of n and 44?
44
Let b(a) = a**2 + 5*a + 11. Let l be b(-2). Let y = -53 + 108. What is the highest common divisor of y and l?
5
Suppose -58*k - 38*k + 1825 = -1055. What is the greatest common factor of k and 11415?
15
Let y(j) be the third derivative of j**5/60 - j**4/24 - 2*j**3/3 + 12*j**2. Let o be y(3). Let w = 0 + o. What is the highest common factor of w and 12?
2
Let o be (4 - 610/40)/((-24)/1760). Let v(j) = -j**3 - 3*j**2 - j + 5. Let y be v(-4). Calculate the highest common factor of o and y.
25
Suppose -2*i + 5*m = -4*i + 161, 3*m + 387 = 5*i. Suppose 176*f = -1135 + 3247. Calculate the highest common divisor of f and i.
6
Suppose -26 = 3*m - 26. Let g = 10 + -7. Suppose m = w + g*w + f - 136, -f = w - 37. What is the highest common factor of w and 22?
11
Let a be (-15)/(-25)*40/2. Suppose -8*y = -a*y + 204. Let n = y - 41. Calculate the greatest common divisor of 20 and n.
10
Suppose c +